{"id":20,"date":"2024-09-22T17:13:45","date_gmt":"2024-09-22T15:13:45","guid":{"rendered":"https:\/\/www.laurencekalattyan.fr\/?page_id=20"},"modified":"2024-09-24T14:56:38","modified_gmt":"2024-09-24T12:56:38","slug":"a-propos-de","status":"publish","type":"page","link":"https:\/\/www.laurencekalattyan.fr\/index.php\/a-propos-de\/","title":{"rendered":"\u00c0 propos de moi"},"content":{"rendered":"\t\t<div data-elementor-type=\"wp-page\" data-elementor-id=\"20\" class=\"elementor elementor-20\" data-elementor-post-type=\"page\">\n\t\t\t\t<div class=\"elementor-element elementor-element-77e8e3a5 e-flex e-con-boxed e-con e-parent\" data-id=\"77e8e3a5\" data-element_type=\"container\" data-e-type=\"container\">\n\t\t\t\t\t<div class=\"e-con-inner\">\n\t\t\t\t<div class=\"elementor-element elementor-element-2bfd61d0 elementor-widget elementor-widget-text-editor\" data-id=\"2bfd61d0\" data-element_type=\"widget\" data-e-type=\"widget\" data-widget_type=\"text-editor.default\">\n\t\t\t\t<div class=\"elementor-widget-container\">\n\t\t\t\t\t\t\t\t\t<p><\/p>\n<p><strong>Mon travail \/ ma recherche d&rsquo;expression d&rsquo;un beau \u00ab\u00a0essentiel\u00a0\u00bb au travers de l&rsquo;esth\u00e9tique du regard int\u00e9rieur<\/strong><\/p>\n<p>Artiste peintre depuis une vingtaine d&rsquo;ann\u00e9es, ma pratique et ma sensibilit\u00e9 s&rsquo;inscrivent dans le courant de \u00ab\u00a0l&rsquo;art visionnaire\u00a0\u00bb.<\/p>\n<p>J&rsquo;aime utiliser des mati\u00e8res nobles et durables : de l&rsquo;or, des m\u00e9taux, des panneaux de bois, des pigments pr\u00e9cieux. Initialement peintre laqueuse, je varie d\u00e9sormais les techniques, en recourant \u00e0 celles qui conviennent \u00e0 mon inspiration du moment, tout en m&rsquo;inspirant de techniques ancestrales. Le travail est souvent plus long mais il peut traverser les si\u00e8cles. Les couleurs sont plus intenses, les multiples couches donnent de la profondeur, elles me permettent d&rsquo;int\u00e9grer des symboles qui requi\u00e8rent une lecture \u00e0 plusieurs niveaux. L&rsquo;apparente simplicit\u00e9 d&rsquo;un visage ou d&rsquo;un corps par exemple peuvent constituer un appel \u00e0 regarder au-del\u00e0 de ces apparences pour mieux ressentir l&rsquo;\u00e9motion. Mon travail cherche \u00e0 faire appel \u00e0 l&rsquo;intuition de l&rsquo;observateur. C&rsquo;est de l&rsquo;int\u00e9rieur de soi qu&rsquo;il faut voir les tableaux, il faut d\u00e9sapprendre \u00e0 regarder avec ses yeux. Mes oeuvres invitent au lent cheminement de la r\u00e9v\u00e9lation \u00e0 soi-m\u00eame, en particulier le f\u00e9minin sacr\u00e9 qui r\u00e9side en chacun de nous.&nbsp;<\/p>\n<p><strong>Mon parcours<\/strong><\/p>\n<p>Depuis notre emm\u00e9nagement \u00e0 Saumur en 2021, je dispose enfin d&rsquo;un atelier et de la tranquillit\u00e9 qui me permettent de cr\u00e9er de mani\u00e8re r\u00e9guli\u00e8re ! J&rsquo;ai consacr\u00e9, comme beaucoup de femmes, une partie de mon temps \u00e0 l&rsquo;\u00e9ducation de mes deux filles, qui poursuivent d\u00e9sormais leurs \u00e9tudes sup\u00e9rieures&#8230;&nbsp;<\/p>\n<p>Entre 2008 et 2010, quelques ann\u00e9es de s\u00e9r\u00e9nit\u00e9 \u00e0 Versailles m&rsquo;avaient \u00e9galement permis de cr\u00e9er et d&rsquo;exposer dans des salons (Le Chesnay en 2010, Saint Maurice en 2009, Montigny-le-Bretonneux en 2008) ou encore de r\u00e9aliser des expositions r\u00e9guli\u00e8res dans des entreprises et des espaces publics !<\/p>\n<p>Dipl\u00f4m\u00e9e des arts appliqu\u00e9s \u00e0 l&rsquo;AFEDAP \u00e0 Paris, en 2001-2002, j&rsquo;ai d&rsquo;abord appris le m\u00e9tier de peintre d\u00e9coratrice. C&rsquo;est \u00e0 cette occasion que j&rsquo;ai notamment acquis la technique du laque&#8230; que j&rsquo;ai perfectionn\u00e9e depuis, en particulier, avec la formation de doreur ornemaniste en 2018-2019 \u00e0 l&rsquo;Atelier du nombre d&rsquo;or \u00e0 Paris.<\/p>\n<p>En parall\u00e8le de la peinture, je m&rsquo;exerce \u00e0 d&rsquo;autres pratiques artistiques : c\u00e9ramique, sculpture&#8230; Je poursuis ainsi une sorte de \u00ab\u00a0mission personnelle\u00a0\u00bb qui vise \u00e0 produire de belles cr\u00e9ations dont le plaisir esth\u00e9tique puisse apporter un bien-\u00eatre durable \u00e0 ceux qui les contemplent.<\/p>\n<p>C&rsquo;est aussi dans cet \u00e9tat d&rsquo;esprit que j&rsquo;ai exerc\u00e9 le m\u00e9tier de coiffeuse &#8211; maquilleuse artistique aupr\u00e8s de Franck Provost, dans les studios de t\u00e9l\u00e9vision, aupr\u00e8s de r\u00e9alisateurs de cin\u00e9ma, dans des salons prestigieux, ou encore en free-lance au Trianon Palace \u00e0 Versailles. Ma formation en tant que consultante en communication et en image au sein de l&rsquo;Institut Ja\u00eblys \u00e0 Paris en 2012 m&rsquo;a permis d&rsquo;acqu\u00e9rir une large expertise dans le domaine, puis d&rsquo;y donner des cours en histoire de l&rsquo;art et dessin pendant deux ans.&nbsp;<\/p>\n<p><\/p>\n<p><\/p>\t\t\t\t\t\t\t\t<\/div>\n\t\t\t\t<\/div>\n\t\t\t\t\t<\/div>\n\t\t\t\t<\/div>\n\t\t<div class=\"elementor-element elementor-element-625f1eb e-grid e-con-boxed e-con e-parent\" data-id=\"625f1eb\" data-element_type=\"container\" data-e-type=\"container\">\n\t\t\t\t\t<div class=\"e-con-inner\">\n\t\t\t\t<div class=\"elementor-element elementor-element-3ef4149 elementor-widget elementor-widget-image\" data-id=\"3ef4149\" data-element_type=\"widget\" data-e-type=\"widget\" data-widget_type=\"image.default\">\n\t\t\t\t<div class=\"elementor-widget-container\">\n\t\t\t\t\t\t\t\t\t\t\t\t\t\t\t<img fetchpriority=\"high\" decoding=\"async\" width=\"576\" height=\"1024\" src=\"https:\/\/www.laurencekalattyan.fr\/wp-content\/uploads\/2024\/09\/IMG-20240922-WA0002-576x1024.jpg\" class=\"attachment-large size-large wp-image-205\" alt=\"\" srcset=\"https:\/\/www.laurencekalattyan.fr\/wp-content\/uploads\/2024\/09\/IMG-20240922-WA0002-576x1024.jpg 576w, https:\/\/www.laurencekalattyan.fr\/wp-content\/uploads\/2024\/09\/IMG-20240922-WA0002-169x300.jpg 169w, https:\/\/www.laurencekalattyan.fr\/wp-content\/uploads\/2024\/09\/IMG-20240922-WA0002-768x1365.jpg 768w, https:\/\/www.laurencekalattyan.fr\/wp-content\/uploads\/2024\/09\/IMG-20240922-WA0002-864x1536.jpg 864w, https:\/\/www.laurencekalattyan.fr\/wp-content\/uploads\/2024\/09\/IMG-20240922-WA0002.jpg 1080w\" sizes=\"(max-width: 576px) 100vw, 576px\" \/>\t\t\t\t\t\t\t\t\t\t\t\t\t\t\t<\/div>\n\t\t\t\t<\/div>\n\t\t\t\t<div class=\"elementor-element elementor-element-24c22ac elementor-widget elementor-widget-image\" data-id=\"24c22ac\" data-element_type=\"widget\" data-e-type=\"widget\" data-widget_type=\"image.default\">\n\t\t\t\t<div class=\"elementor-widget-container\">\n\t\t\t\t\t\t\t\t\t\t\t\t\t\t\t<img decoding=\"async\" width=\"768\" height=\"1024\" src=\"https:\/\/www.laurencekalattyan.fr\/wp-content\/uploads\/2024\/09\/IMG-20240922-WA0019-768x1024.jpg\" class=\"attachment-large size-large wp-image-278\" alt=\"\" srcset=\"https:\/\/www.laurencekalattyan.fr\/wp-content\/uploads\/2024\/09\/IMG-20240922-WA0019-768x1024.jpg 768w, https:\/\/www.laurencekalattyan.fr\/wp-content\/uploads\/2024\/09\/IMG-20240922-WA0019-225x300.jpg 225w, https:\/\/www.laurencekalattyan.fr\/wp-content\/uploads\/2024\/09\/IMG-20240922-WA0019-1152x1536.jpg 1152w, https:\/\/www.laurencekalattyan.fr\/wp-content\/uploads\/2024\/09\/IMG-20240922-WA0019.jpg 1500w\" sizes=\"(max-width: 768px) 100vw, 768px\" \/>\t\t\t\t\t\t\t\t\t\t\t\t\t\t\t<\/div>\n\t\t\t\t<\/div>\n\t\t\t\t\t<\/div>\n\t\t\t\t<\/div>\n\t\t\t\t<\/div>\n\t\t","protected":false},"excerpt":{"rendered":"<p>Mon travail \/ ma recherche d&rsquo;expression d&rsquo;un beau \u00ab\u00a0essentiel\u00a0\u00bb au travers de l&rsquo;esth\u00e9tique du regard int\u00e9rieur Artiste peintre depuis une vingtaine d&rsquo;ann\u00e9es, ma pratique et ma sensibilit\u00e9 s&rsquo;inscrivent dans le courant de \u00ab\u00a0l&rsquo;art visionnaire\u00a0\u00bb. J&rsquo;aime utiliser des mati\u00e8res nobles et durables : de l&rsquo;or, des m\u00e9taux, des panneaux de bois, des pigments pr\u00e9cieux. Initialement peintre [&hellip;]<\/p>\n","protected":false},"author":1,"featured_media":0,"parent":0,"menu_order":0,"comment_status":"closed","ping_status":"closed","template":"","meta":{"footnotes":""},"class_list":["post-20","page","type-page","status-publish","hentry"],"_links":{"self":[{"href":"https:\/\/www.laurencekalattyan.fr\/index.php\/wp-json\/wp\/v2\/pages\/20","targetHints":{"allow":["GET"]}}],"collection":[{"href":"https:\/\/www.laurencekalattyan.fr\/index.php\/wp-json\/wp\/v2\/pages"}],"about":[{"href":"https:\/\/www.laurencekalattyan.fr\/index.php\/wp-json\/wp\/v2\/types\/page"}],"author":[{"embeddable":true,"href":"https:\/\/www.laurencekalattyan.fr\/index.php\/wp-json\/wp\/v2\/users\/1"}],"replies":[{"embeddable":true,"href":"https:\/\/www.laurencekalattyan.fr\/index.php\/wp-json\/wp\/v2\/comments?post=20"}],"version-history":[{"count":14,"href":"https:\/\/www.laurencekalattyan.fr\/index.php\/wp-json\/wp\/v2\/pages\/20\/revisions"}],"predecessor-version":[{"id":322,"href":"https:\/\/www.laurencekalattyan.fr\/index.php\/wp-json\/wp\/v2\/pages\/20\/revisions\/322"}],"wp:attachment":[{"href":"https:\/\/www.laurencekalattyan.fr\/index.php\/wp-json\/wp\/v2\/media?parent=20"}],"curies":[{"name":"wp","href":"https:\/\/api.w.org\/{rel}","templated":true}]}}